ppose -w + 2*u - s = 0, 0 = -w - 4*u + 6 + 2. Suppose 0*v + 4*k = 4*v - 132, w = -3*k - 12. What is the tens digit of v?
2
Let d = 16 - 12. Let z be d/(-6)*3*-2. Suppose 101 = 3*q + 2*t + 19, -3*q - z*t + 92 = 0. What is the units digit of q?
4
Suppose -347189 = -33*m - 50*m. What is the tens digit of m?
8
Suppose 11*o + 2368 - 43959 = 0. What is the tens digit of o?
8
Let f be (0 - 1)*(-1 - (1 + 0)). Suppose 0 = f*w - 75 - 97. What is the units digit of w?
6
Let h = 6456 + -4059. What is the tens digit of h?
9
Let w(s) = -s**2 - 25*s - 75. Let l be w(-15). Suppose -69*r - 1002 = -l*r. What is the hundreds digit of r?
1
Let r be 3*-1 - (-10 - -1). What is the units digit of 763/r - (-3)/(-18)?
7
Let z(w) = -w**3 + 23*w**2 - 20*w - 4. Let a be z(22). Let n = -40 + 29. Let x = a - n. What is the tens digit of x?
5
Let l = 4 - 248. Let f = l + 349. What is the hundreds digit of f?
1
Let z = 54 + -53. What is the units digit of 79/z - (-6 - -3)?
2
Suppose 4448 = 5*u + 3*u. What is the hundreds digit of u?
5
Let g = 18 - 5. Suppose 0 = 6*m - g + 1. Suppose 0 = 5*r + 2*l - 200, -m*r - 6*l + 64 = -2*l. What is the units digit of r?
2
Let x(g) = 6 + 2*g + 13 + 1. What is the units digit of x(10)?
0
Let k(a) = -3*a - 12. Let n(j) = -j - 6. Let f(y) = -3*k(y) + 5*n(y). What is the tens digit of f(9)?
4
Let s(m) = -2*m + 3. Let c be s(-1). Suppose -583 = -3*q - 9*x + c*x, 5*q - 964 = x. What is the units digit of q?
3
Let f be (-6)/(-4)*(-16)/(-6). Let q = -103 + 129. What is the tens digit of 464/q - f/(-26)?
1
Let m be (-1 - 17/(-5))/((-10)/(-1575)). Suppose -8*q + 118 = -m. What is the units digit of q?
2
Suppose 3*z + 2*w + 2*w - 7 = 0, 5*z = w + 4. Let r be (-2)/2*22*z. Let x = r - -40. What is the tens digit of x?
1
What is the hundreds digit of (13 + 3171/(-28))*8/(-2)?
4
Let g be 8/(-2) + 26 + -3. Let s = g + -12. Suppose 0 = s*k - 4*k - 93. What is the units digit of k?
1
Suppose -17 + 2 = -s. Let o = s + -8. Let n = 13 - o. What is the units digit of n?
6
Let x = 1931 - -424. What is the thousands digit of x?
2
What is the hundreds digit of (-10)/(-45) + (-12776)/(-18)?
7
Suppose -5626 = -19*p + 21810. What is the thousands digit of p?
1
Let p(n) = -2*n**2 - 8*n - 12. Let s be p(-5). What is the units digit of 166/(s/(-12) + 5/30)?
3
Let q(z) = 51*z**3 - 2*z**2 - 3*z + 1. Let f be q(2). Let v = f - 237. What is the units digit of v?
8
Let p be (-10)/(-25) + (-44)/10. Let v(q) = -23*q - 2. What is the units digit of v(p)?
0
Let c(n) = -9*n**3 + n**2. Let d be c(-1). Let q be ((-115)/d)/(1/(-2)). Suppose -5*t = -3*b - 0*t + q, 39 = 4*b - 5*t. What is the tens digit of b?
1
Suppose 3*c - 60 = -12. Suppose 0 = c*z - 2058 - 54. What is the units digit of z?
2
Suppose 5*v + 5*q - 11030 = 0, 5*v + 4*q + 2201 = 6*v. Suppose -6*t = 9*t - v. What is the tens digit of t?
4
Let m = 202 + 449. What is the hundreds digit of m?
6
Let r be 4/10 - -1392*(-8)/40. Let i = 482 + r. What is the tens digit of i?
0
Let j = 6296 - 3067. What is the hundreds digit of j?
2
Let x be -18 + 3 - (-1 - -2). Let t = 12 + x. Let q(k) = -k**2 - 6*k - 1. What is the units digit of q(t)?
7
Suppose 0 = -0*r - r + 4. Suppose r*y + c - 327 = 0, -3*y - c = -2*c - 254. Suppose 5*t = -18 + y. What is the tens digit of t?
1
Let i = -310 - -490. Suppose 5*w - i = 2*w. What is the units digit of (1 + w/(-9))*-3?
7
Suppose 0 = -2*j + 2*c, j + 3 = 2*c + 1. Suppose -f = -0*o + o - 19, j*o - 38 = -3*f. What is the units digit of o?
9
Suppose d = 2*d - 7. Suppose -2*o - 9 = -d. Let n = 13 + o. What is the tens digit of n?
1
Let y = -193 + 873. Suppose t - 178 = -4*o, 15 = 4*t - o - y. What is the tens digit of t?
7
Suppose 45*g = 44*g + 26. Suppose -3*n + 18 = -5*n. Let b = n + g. What is the units digit of b?
7
Let v = -9 - -33. Suppose 72 = 38*b - 42*b. Let q = b + v. What is the units digit of q?
6
Let q(s) = -s**2 + 16*s + 16. Let v be q(17). Let d(m) = -26*m**3 + m**2 + m. What is the tens digit of d(v)?
2
What is the thousands digit of (-1832)/(-3)*9/4?
1
Let x = 2632 - 1771. What is the hundreds digit of x?
8
Suppose -3*i - 2*i = -d - 19, -2*i - 2 = -2*d. What is the hundreds digit of (-408)/(-3) + 18/d?
1
Suppose 24830 = 61*f - 18724. What is the hundreds digit of f?
7
Let i be (-92)/(-6)*(-3)/(-2). Suppose -3*g - 4*v - 14 = 0, g + i = 5*g - 3*v. Suppose -m - 84 = -4*z + m, -4*z = g*m - 92. What is the units digit of z?
2
Let u(b) = -13*b - 3. Let t be u(3). Let h = t + 115. What is the units digit of h?
3
Let f(o) = -o**2 + 20*o + 23. Suppose 8 = 4*b, -5*a + 3*a - 4*b + 44 = 0. What is the tens digit of f(a)?
5
Suppose 4*a - a = 0. Suppose 2*r + 1 = -k, -5*k + a*r + 3*r = -21. What is the units digit of k?
3
Suppose 62*c - 6435 = 53*c. What is the tens digit of c?
1
Let q(w) = -134*w**3 - 2*w**2 + 1. Let b be q(-1). Let c be b/(-21)*-3*2. Let x = c + -11. What is the units digit of x?
7
Let c(o) = o**3 - 5*o**2 + 6*o - 2. Let d be (-4 - -3)/(3/9). Let t be 2 - (0 - d) - -5. What is the units digit of c(t)?
6
Suppose -21*f + 8 = -19*f. Suppose f*u = -5*w + 449, w - 207 = -2*u + 2*w. What is the hundreds digit of u?
1
Let r(l) = -l**3 - 12*l**2 + 8*l + 12. Let v(p) = p**3 + 11*p**2 - 8*p - 11. Let g(f) = -6*r(f) - 7*v(f). What is the tens digit of g(-7)?
4
Suppose b - 5*u + 5 = 0, 2*u = 2*b - 2 - 4. Suppose b*c - 188 = 3*c. What is the tens digit of c?
9
Suppose 4*d + 0*d = 528. Let g = -43 + d. What is the units digit of g?
9
Suppose 19*o - 3592 = 11*o. What is the units digit of o?
9
Let o = 139 + 40. What is the tens digit of o?
7
Let f(o) = -11*o. Let d(g) = -g - 1. Let a(y) = 2*d(y) - f(y). Let s = 369 - 365. What is the tens digit of a(s)?
3
What is the hundreds digit of 637 + -10 - (-2 - -1)*1?
6
Let q(v) = 659*v**2 + 5*v**3 - 659*v**2 - 4*v + 10. What is the tens digit of q(3)?
3
Let l(r) = -r**3 - r + 1. Let u(x) = 75*x**3 + x**2 + 4*x - 1. Let y(s) = -2*l(s) - u(s). Let n be y(-1). Let w = n + -37. What is the tens digit of w?
3
Let p be 5*(-3)/(30/(-2)). Let u(w) = -61*w - 2. Let m be u(p). What is the tens digit of (-2)/3*(m - -3)?
4
Let w be 0/(2*(4 + -5)). Suppose w*b - 4*b = -16. Suppose 2 = -b*p + 50. What is the units digit of p?
2
Let g(k) be the second derivative of k**7/168 - k**6/240 - 5*k**4/6 + 4*k. Let m(o) be the third derivative of g(o). What is the units digit of m(2)?
4
What is the hundreds digit of 2887878/522 - (-1)/(-3)?
5
Suppose -5*x - 5*c + 8505 = 0, -2 = -2*c - 8. What is the units digit of x?
4
Let j = 802 + 1973. What is the units digit of j?
5
Let p(v) = -34*v - 10. Let q be 1 + 1 - 4 - 1. What is the units digit of p(q)?
2
Let h(j) = -3*j**2 + 2*j - 2. Let k(o) = o**2 - 12*o + 13. Let n be k(11). Let y be h(n). What is the tens digit of 146/4 - (-15)/y?
3
Let b = 394 - 180. What is the units digit of b?
4
Suppose -3*x = -5*l + 206, 4*l - 19 - 147 = 3*x. Suppose -52 - l = -a. What is the tens digit of a?
9
Let t(k) = -k**2 - 5*k - 48. Let j be t(0). Let y = 63 + j. What is the units digit of y?
5
Suppose 27974 = 5*v + 13*l - 2269, 0 = 4*v - 5*l - 24256. What is the hundreds digit of v?
0
Let k(t) = 18*t - 8. Let f be k(6). Let o = 66 - f. What is the units digit of -15 - -13 - (-1 + o)?
3
Let n be -3*56/6*14/(-4). Let b = -18 + n. What is the units digit of b?
0
Let p = -19 + 22. Suppose -p*u + 446 = -u. Suppose -5*k - o + u = 0, k - 2*o - 3 = 35. What is the tens digit of k?
4
Let r(z) = -8*z - 3. Let j be r(-1). Suppose 0 = 2*q + 2*q + 12, -3*q - 469 = -j*m. What is the tens digit of m?
9
What is the tens digit of 680 + (-4 - 25/(-5))?
8
Let u = -21 - -541. What is the tens digit of u?
2
Suppose 2*g - g = 30. Suppose g = -6*a + 204. What is the tens digit of a?
2
What is the units digit of (-2)/15 - 49192/(-390)?
6
Let h = -7 - -13. Suppose 6 = -3*j + h*j. Suppose -2*w + i = -140, -5*i - 140 = -j*w - 0*w. What is the units digit of w?
0
Let b(o) be the third derivative of -4*o**2 + 0*o + 0 - 2/3*o**3 - 1/12*o**4. What is the units digit of b(-11)?
8
Let q(l) = -2*l**3 + 2*l**3 + 2*l**2 - l**3 - 8*l**2 - 6 + l. Let i be q(-6). What is the tens digit of (-250)/i - 6/(-36)?
2
What is the units digit of ((-18 - -16) + -1 + -348)*-1?
1
Let d be (3 + 3)*10/(-4). What is the units digit of 258/5 + (-6)/d?
2
Suppose 17*c = 109072 - 25619. What is the